ivide 3898728?
True
Is 11 a factor of 9149?
False
Does 18 divide 1402422?
False
Is 43341 a multiple of 5?
False
Is 1988081 a multiple of 599?
True
Is 695 a factor of 18790020?
True
Is 212 a factor of 1164940?
True
Does 350 divide 241150?
True
Does 198 divide 132660?
True
Is 28 a factor of 54628?
True
Is 1939840 a multiple of 140?
True
Is 5629885 a multiple of 93?
False
Does 49 divide 61691?
True
Is 120142 a multiple of 254?
True
Is 7 a factor of 119771?
False
Does 26 divide 59509?
False
Is 558 a factor of 564098?
False
Is 2055942 a multiple of 189?
True
Is 23 a factor of 617688?
True
Is 142 a factor of 86336?
True
Does 5 divide 71950?
True
Is 364189 a multiple of 35?
False
Is 27292 a multiple of 6?
False
Is 6860784 a multiple of 336?
True
Does 22 divide 33011?
False
Does 38 divide 1595544?
True
Does 369 divide 466029?
False
Is 222807 a multiple of 450?
False
Is 37 a factor of 1170199?
True
Does 14 divide 5957?
False
Does 203 divide 432016?
False
Is 2743156 a multiple of 13?
True
Does 146 divide 6119871?
False
Is 1069020 a multiple of 9?
True
Does 337 divide 1384733?
True
Does 271 divide 225470?
False
Does 508 divide 211328?
True
Is 1224145 a multiple of 37?
True
Is 17 a factor of 52330?
False
Is 221520 a multiple of 20?
True
Does 10 divide 7840847?
False
Is 69 a factor of 850563?
True
Is 634 a factor of 228240?
True
Does 305 divide 6832610?
True
Is 734 a factor of 2256316?
True
Is 47509 a multiple of 475?
False
Does 3 divide 41938?
False
Is 638127 a multiple of 21?
True
Is 7 a factor of 403135?
False
Does 6 divide 15450?
True
Is 193 a factor of 18826055?
False
Is 26 a factor of 221672?
False
Is 87 a factor of 280959?
False
Does 564 divide 3193624?
False
Is 56 a factor of 108864?
True
Is 147 a factor of 369427?
False
Is 2687945 a multiple of 169?
True
Does 23 divide 1693217?
False
Is 480194 a multiple of 22?
True
Does 5 divide 3743?
False
Is 11 a factor of 22816?
False
Is 2114918 a multiple of 112?
False
Does 148 divide 253256?
False
Is 3222950 a multiple of 883?
True
Is 42 a factor of 3771338?
False
Is 2 a factor of 1065491?
False
Is 1829662 a multiple of 43?
False
Is 28 a factor of 6666175?
False
Is 5 a factor of 27031?
False
Is 3359433 a multiple of 24?
False
Does 31 divide 3388052?
True
Is 32 a factor of 2173957?
False
Is 1419811 a multiple of 29?
True
Is 2980167 a multiple of 158?
False
Does 11 divide 883553?
True
Is 37 a factor of 1522296?
False
Does 30 divide 3572518?
False
Is 34 a factor of 155006?
True
Does 11 divide 89177?
True
Is 195170 a multiple of 28?
False
Is 158 a factor of 156264?
False
Is 93 a factor of 167400?
True
Is 76494 a multiple of 66?
True
Is 230 a factor of 7491502?
False
Does 514 divide 1891450?
False
Does 409 divide 186504?
True
Does 162 divide 1006668?
True
Is 28 a factor of 86228?
False
Is 19297 a multiple of 3?
False
Does 52 divide 4612816?
True
Is 33 a factor of 1316937?
False
Is 1912768 a multiple of 286?
True
Does 30 divide 125220?
True
Does 265 divide 4857504?
False
Is 46786 a multiple of 3?
False
Is 5918 a multiple of 11?
True
Is 34 a factor of 3230?
True
Does 13 divide 255957?
True
Is 168 a factor of 74658?
False
Does 19 divide 9222006?
False
Does 25 divide 139025?
True
Is 7823 a multiple of 7?
False
Is 7 a factor of 4677872?
False
Is 5748446 a multiple of 451?
True
Is 212368 a multiple of 104?
True
Does 17 divide 182505?
False
Is 19824250 a multiple of 886?
True
Is 71896 a multiple of 76?
True
Is 23 a factor of 92828?
True
Is 92 a factor of 136663?
False
Does 73 divide 7328787?
False
Is 161515 a multiple of 18?
False
Is 13 a factor of 192829?
True
Is 254 a factor of 2827128?
False
Is 2074722 a multiple of 13?
True
Does 84 divide 644532?
True
Does 69 divide 248469?
True
Is 13 a factor of 111293?
True
Is 7712823 a multiple of 130?
False
Is 255 a factor of 789225?
True
Is 7609 a multiple of 139?
False
Is 630020 a multiple of 436?
True
Is 1215080 a multiple of 20?
True
Is 288 a factor of 76320?
True
Does 4 divide 388152?
True
Is 2 a factor of 277508?
True
Is 20 a factor of 7474100?
True
Is 524542 a multiple of 77?
False
Is 140258 a multiple of 160?
False
Does 54 divide 5538?
False
Is 66 a factor of 393030?
True
Is 13 a factor of 31694?
True
Does 15 divide 1653277?
False
Does 217 divide 1224097?
True
Does 8 divide 456904?
True
Is 7 a factor of 53690?
True
Does 24 divide 3513968?
False
Does 19 divide 2250086?
False
Is 1017 a factor of 1074903?
False
Is 320 a factor of 440000?
True
Is 13 a factor of 1337895?
True
Is 693 a factor of 5125428?
True
Does 42 divide 2811984?
True
Does 56 divide 149431?
False
Is 56 a factor of 403072?
False
Is 26267736 a multiple of 696?
True
Is 13 a factor of 1340239?
False
Is 105 a factor of 15423442?
False
Does 252 divide 251748?
True
Does 123 divide 833911?
False
Is 171 a factor of 45225?
False
Does 13 divide 7061403?
False
Does 466 divide 13555940?
True
Is 170 a factor of 331352?
False
Is 6668 a multiple of 536?
False
Is 6029680 a multiple of 368?
True
Does 8 divide 11391?
False
Is 15 a factor of 5204325?
True
Is 437393 a multiple of 187?
True
Is 59 a factor of 2471003?
False
Is 14 a factor of 11083?
False
Does 143 divide 1139853?
True
Is 7028246 a multiple of 80?
False
Does 51 divide 331624?
False
Is 435825 a multiple of 158?
False
Does 82 divide 1445414?
True
Is 2615452 a multiple of 58?
True
Is 120 a factor of 15738240?
True
Is 555 a factor of 440870?
False
Is 12 a factor of 1511428?
False
Is 11 a factor of 28243?
False
Does 7 divide 6494686?
False
Does 16 divide 4581063?
False
Does 16 divide 600144?
True
Is 144 a factor of 18599?
False
Is 3360 a multiple of 16?
True
Is 4 a factor of 125413?
False
Is 83 a factor of 19190098?
True
Does 257 divide 1170892?
True
Is 150858 a multiple of 218?
False
Does 17 divide 4568121?
True
Does 27 divide 1094414?
False
Is 642765 a multiple of 15?
True
Is 2007315 a multiple of 530?
False
Does 212 divide 275665?
False
Is 29 a factor of 2377890?
False
Is 28900 a multiple of 2?
True
Is 368 a factor of 17012640?
True
Is 298152 a multiple of 8?
True
Does 280 divide 780080?
True
Is 153955 a multiple of 89?
False
Does 99 divide 1015301?
False
Is 635808 a multiple of 7?
False
Is 360315 a multiple of 27?
True
Is 7 a factor of 4984?
True
Is 1870207 a multiple of 831?
False
Is 28 a factor of 457268?
True
Is 189679 a multiple of 79?
True
Does 15 divide 1161075?
True
Is 214 a factor of 8001217?
False
Is 2 a factor of 384354?
True
Does 5 divide 1818015?
True
Is 632 a factor of 8853056?
True
Does 21 divide 1165311?
True
Is 12153808 a multiple of 2258?
False
Does 11 divide 44682?
True
Does 111 divide 402278?
False
Does 23 divide 4106412?
False
Is 868 a factor of 4126472?
True
Is 15 a factor of 2433705?
True
Does 56 divide 43431?
False
Is 2372288 a multiple of 51?
False
Does 88 divide 1122558?
False
Is 17 a factor of 3911?
False
Does 478 divide 6764906?
False
Does 4 divide 937124?
True
Is 17 a factor of 19452080?
True
Is 213 a factor of 370620?
True
Is 1173 a factor of 5861481?
True
Is 10574421 a multiple of 89?
False
Does 115 divide 34730?
True
Does 101 divide 34981?
False
Does 14 divide 168178?
False
Does 37 divide 195161?
False
Is 132 a factor of 31591?
False
Is 18 a factor of 70943?
False
Is 1836607 a multiple of 19?
False
Is 449 a factor of 148894?
False
Is 441069 a multiple of 7?
False
Is 252 a factor of 2467332?
True
Is 643 a factor of 1651984?
False
Is 2851356 a multiple of 69?
True
Is 23315 a multiple of 10?
False
Does 19 divide 398150?
False
Is 30834 a multiple of 27?
True
Does 780 divide 3604937?
False
Is 442430 a multiple of 472?
False
Is 95158 a multiple of 98?
True
Is 320 a factor of 4893440?
True
Does 409 divide 246218?
True
Is 1251888 a multiple of 9?
False
Does 136 divide 248908?
False
Is 6035169 a multiple of 92?
False
Does 21 divide 189562?
False
Is 178612 a multiple of 50?
False
Does 217 divide 5492704?
True
Does 175 divide 5835533?
False
Does 60 divide 7627200?
True
Is 1349011 a multiple of 187?
False
Is 75219 a multiple of 3?
True
Is 355408 a multiple of 97?
True
Does 6 divide 141643?
False
Is 765059 a multiple of 42?
False
Is 6951253 a multiple of 184?
False
Is 1305898 a multiple of 33?
False
Is 144298 a multiple of 14?
True
Does 34 divide 8564635?
False
Is 7 a factor of 2233509?
False
Is 484 a factor of 645454?
False
Is 293173 a multip